{"id":107,"date":"2015-10-12T12:15:33","date_gmt":"2015-10-12T10:15:33","guid":{"rendered":"http:\/\/2016.crowny.de\/wp\/index.php\/widerrufsbelehrung\/"},"modified":"2021-12-09T10:42:43","modified_gmt":"2021-12-09T09:42:43","slug":"widerrufsbelehrung","status":"publish","type":"page","link":"https:\/\/www.crowny.de\/?page_id=107","title":{"rendered":"Widerrufsbelehrung"},"content":{"rendered":"<h2><b>Widerrufsrecht f\u00fcr Verbraucher<\/b><\/h2>\n<p><b>Widerrufsbelehrung \/ Widerrufsrecht<\/b><\/p>\n<p>Sie haben das Recht, binnen vierzehn Tagen ohne Angabe von Gr\u00fcnden diesen Vertrag zu widerrufen.<\/p>\n<p>Die Widerrufsfrist betr\u00e4gt vierzehn Tage ab dem Tag, an dem Sie oder ein von Ihnen benannter Dritter, der nicht der Bef\u00f6rderer ist, die letzte Ware in Besitz genommen haben bzw. hat.<br \/>\nUm Ihr Widerrufsrecht auszu\u00fcben, m\u00fcssen Sie uns Crowny Distribution, M. H\u00f6rner, Walther-Rathenau-Str. 2, D-86199 Augsburg, Telefon: 0821 2288145,\u00a0 E-Mail: info(at)crowny.de, mittels einer eindeutigen Erkl\u00e4rung (z.B. ein mit der Post versandter Brief, Telefax oder E-Mail) \u00fcber Ihren Entschluss, diesen Vertrag zu widerrufen, informieren. Sie k\u00f6nnen daf\u00fcr das beigef\u00fcgte Muster-Widerrufsformular verwenden, das jedoch nicht vorgeschrieben ist.<br \/>\nZur Wahrung der Widerrufsfrist reicht es aus, dass Sie die Mitteilung \u00fcber die Aus\u00fcbung des Widerrufsrechts vor Ablauf der Widerrufsfrist absenden.<\/p>\n<p><b>Folgen des Widerrufs<\/b><\/p>\n<p>Wenn Sie diesen Vertrag widerrufen, haben wir Ihnen alle Zahlungen, die wir von Ihnen erhalten haben, einschlie\u00dflich der Lieferkosten (mit Ausnahme der zus\u00e4tzlichen Kosten, die sich daraus ergeben, dass Sie eine andere Art der Lieferung als die von uns angebotene, g\u00fcnstigste Standardlieferung gew\u00e4hlt haben), unverz\u00fcglich und sp\u00e4testens binnen vierzehn Tagen ab dem Tag zur\u00fcckzuzahlen, an dem die Mitteilung \u00fcber Ihren Widerruf dieses Vertrags bei uns eingegangen ist. F\u00fcr diese R\u00fcckzahlung verwenden wir dasselbe Zahlungsmittel, das Sie bei der urspr\u00fcnglichen Transaktion eingesetzt haben, es sei denn, mit Ihnen wurde ausdr\u00fccklich etwas anderes vereinbart; in keinem Fall werden Ihnen wegen dieser R\u00fcckzahlung Entgelte berechnet. Wir k\u00f6nnen die R\u00fcckzahlung verweigern, bis wir die Waren wieder zur\u00fcckerhalten haben oder bis Sie den Nachweis erbracht haben, dass Sie die Waren zur\u00fcckgesandt haben, je nachdem, welches der fr\u00fchere Zeitpunkt ist.<\/p>\n<p>Sie haben die Waren unverz\u00fcglich und in jedem Fall sp\u00e4testens binnen vierzehn Tagen ab dem Tag, an dem Sie uns \u00fcber den Widerruf dieses Vertrags unterrichten, an uns zur\u00fcckzusenden oder zu \u00fcbergeben. Die Frist ist gewahrt, wenn Sie die Waren vor Ablauf der Frist von vierzehn Tagen absenden. Sie tragen die Kosten der R\u00fccksendung der Waren, die in Ihrem Interesse im versichterten Paket erfolgen sollte.<br \/>\nSie m\u00fcssen f\u00fcr einen etwaigen Wertverlust der Waren nur aufkommen, wenn dieser Wertverlust auf einen zur Pr\u00fcfung der Beschaffenheit, Eigenschaften und Funktionsweise der Waren nicht notwendigen Umgang mit ihnen zur\u00fcckzuf\u00fchren ist.<\/p>\n<p><b>Ihr Widerrufsrecht erlischt in folgenden F\u00e4llen vorzeitig:<\/b><\/p>\n<p>Bei Vertr\u00e4gen zur Lieferung versiegelter Waren, die aus Gr\u00fcnden des Gesundheitsschutzes oder der Hygiene nicht zur R\u00fcckgabe geeignet sind, wenn ihre Versiegelung nach der Lieferung entfernt wurde.<br \/>\nBei Vertr\u00e4gen zur Lieferung \u00a0von Ton- oder Videoaufnahmen oder Computersoftware in einer versiegelten Packung geliefert wurden und die Versiegelung nach der Lieferung entfernt wurde.<\/p>\n<p>&nbsp;<\/p>\n<h2><b>Muster-Widerrufsformular<\/b><\/h2>\n<p>Sie sind unzufrieden mit einem Produkt? Nehmen Sie zuerst mit uns Kontakt auf, dann k\u00f6nnen wir ihr Anliegen zeitnah abkl\u00e4ren.<\/p>\n<p>Wenn Sie den Vertrag widerrufen wollen, k\u00f6nnen Sie unten stehendes Kontaktformular oder eine \u00e4hnliche eindeutige Formulierung verwenden:<\/p>\n<p>Crowny Distribution, M. H\u00f6rner, Walther-Rathenau-Str. 2, D-86199 Augsburg, Telefon: 0821 2288145,\u00a0 E-Mail: info(at)crowny.de<\/p>\n<p>&nbsp;<\/p>\n<div class=\"woocommerce woocommerce-gzd\">\n<form name=\"revocation\" method=\"post\" id=\"woocommerce-gzd-revocation\">\n\t<p class=\"form-row\" id=\"to_field\">\n\t\t<label for=\"to\" class=\"\">An<\/label>\n\t\t<span class=\"description\">Crowny Distribution<br \/>\nProvinostr. 52<br \/>\n86153 Augsburg<\/span>\n\t<\/p>\n\t\t\t\t\t\t<p class=\"form-row validate-required\" id=\"content_field\" data-priority=\"\"><label for=\"content\" class=\"\">Widerruf&nbsp;<abbr class=\"required\" title=\"erforderlich\">*<\/abbr><\/label><span class=\"woocommerce-input-wrapper\"><textarea name=\"content\" class=\"input-text \" id=\"content\" placeholder=\"\"  rows=\"2\" cols=\"5\"aria-describedby=\"content-description\">Hiermit widerrufe(n) ich\/wir den von mir\/uns abgeschlossenen Vertrag \u00fcber den Kauf der folgenden Waren \/ die Erbringung der folgenden Dienstleistung: <\/textarea><span class=\"description\" id=\"content-description\" aria-hidden=\"true\">Hinweis: Bitte Unzutreffendes streichen und um deinen Text erg\u00e4nzen<\/span><\/span><\/p>\t\t\t\t\t<p class=\"form-row \" id=\"received_field\" data-priority=\"\"><label for=\"received\" class=\"\">Erhalten am&nbsp;<span class=\"optional\">(optional)<\/span><\/label><span class=\"woocommerce-input-wrapper\"><input type=\"text\" class=\"input-text \" name=\"received\" id=\"received\" placeholder=\"\"  value=\"\"  \/><\/span><\/p>\t\t\t\t\t<p class=\"form-row \" id=\"order_date_field\" data-priority=\"\"><label for=\"order_date\" class=\"\">Datum der Bestellung&nbsp;<span class=\"optional\">(optional)<\/span><\/label><span class=\"woocommerce-input-wrapper\"><input type=\"text\" class=\"input-text \" name=\"order_date\" id=\"order_date\" placeholder=\"\"  value=\"\"  \/><\/span><\/p>\t\t\t\t\t<h3>Kundeninformationen<\/h3>\t\t\t\t\t<p class=\"form-row \" id=\"address_title_field\" data-priority=\"\"><label for=\"address_title\" class=\"\">Anrede&nbsp;<span class=\"optional\">(optional)<\/span><\/label><span class=\"woocommerce-input-wrapper\"><select name=\"address_title\" id=\"address_title\" class=\"select \"  data-placeholder=\"\">\n\t\t\t\t\t\t\t<option value=\"Herr\" >Herr<\/option><option value=\"Frau\" >Frau<\/option>\n\t\t\t\t\t\t<\/select><\/span><\/p>\t\t\t\t\t<p class=\"form-row validate-required\" id=\"address_firstname_field\" data-priority=\"\"><label for=\"address_firstname\" class=\"\">Vorname&nbsp;<abbr class=\"required\" title=\"erforderlich\">*<\/abbr><\/label><span class=\"woocommerce-input-wrapper\"><input type=\"text\" class=\"input-text \" name=\"address_firstname\" id=\"address_firstname\" placeholder=\"\"  value=\"\"  \/><\/span><\/p>\t\t\t\t\t<p class=\"form-row validate-required\" id=\"address_lastname_field\" data-priority=\"\"><label for=\"address_lastname\" class=\"\">Nachname&nbsp;<abbr class=\"required\" title=\"erforderlich\">*<\/abbr><\/label><span class=\"woocommerce-input-wrapper\"><input type=\"text\" class=\"input-text \" name=\"address_lastname\" id=\"address_lastname\" placeholder=\"\"  value=\"\"  \/><\/span><\/p>\t\t\t\t\t<p class=\"form-row \" id=\"address_street_field\" data-priority=\"\"><label for=\"address_street\" class=\"\">Stra\u00dfe&nbsp;<span class=\"optional\">(optional)<\/span><\/label><span class=\"woocommerce-input-wrapper\"><input type=\"text\" class=\"input-text \" name=\"address_street\" id=\"address_street\" placeholder=\"\"  value=\"\"  \/><\/span><\/p>\t\t\t\t\t<p class=\"form-row \" id=\"address_postal_field\" data-priority=\"\"><label for=\"address_postal\" class=\"\">Postleitzahl&nbsp;<span class=\"optional\">(optional)<\/span><\/label><span class=\"woocommerce-input-wrapper\"><input type=\"text\" class=\"input-text \" name=\"address_postal\" id=\"address_postal\" placeholder=\"\"  value=\"\"  \/><\/span><\/p>\t\t\t\t\t<p class=\"form-row \" id=\"address_city_field\" data-priority=\"\"><label for=\"address_city\" class=\"\">Stadt&nbsp;<span class=\"optional\">(optional)<\/span><\/label><span class=\"woocommerce-input-wrapper\"><input type=\"text\" class=\"input-text \" name=\"address_city\" id=\"address_city\" placeholder=\"\"  value=\"\"  \/><\/span><\/p>\t\t\t\t\t<p class=\"form-row \" id=\"address_country_field\" data-priority=\"\"><label for=\"address_country\" class=\"\">Land&nbsp;<span class=\"optional\">(optional)<\/span><\/label><span class=\"woocommerce-input-wrapper\"><select name=\"address_country\" id=\"address_country\" class=\"country_to_state country_select \"  data-placeholder=\"Land\/Region ausw\u00e4hlen\u00a0\u2026\" data-label=\"Land\"><option value=\"\">Land\/Region ausw\u00e4hlen\u00a0\u2026<\/option><option value=\"DE\"  selected='selected'>Deutschland<\/option><option value=\"DK\" >D\u00e4nemark<\/option><option value=\"FR\" >Frankreich<\/option><option value=\"IT\" >Italien<\/option><option value=\"LV\" >Lettland<\/option><option value=\"LI\" >Liechtenstein<\/option><option value=\"LU\" >Luxemburg<\/option><option value=\"NL\" >Niederlande<\/option><option value=\"PT\" >Portugal<\/option><option value=\"SE\" >Schweden<\/option><option value=\"ES\" >Spanien<\/option><option value=\"CZ\" >Tschechien<\/option><option value=\"AT\" >\u00d6sterreich<\/option><\/select><noscript><button type=\"submit\" name=\"woocommerce_checkout_update_totals\" value=\"Aktualisiere Land \/ Region\">Aktualisiere Land \/ Region<\/button><\/noscript><\/span><\/p>\t\t\t\t\t<p class=\"form-row validate-required validate-email\" id=\"address_mail_field\" data-priority=\"\"><label for=\"address_mail\" class=\"\">E-Mail Adresse&nbsp;<abbr class=\"required\" title=\"erforderlich\">*<\/abbr><\/label><span class=\"woocommerce-input-wrapper\"><input type=\"text\" class=\"input-text \" name=\"address_mail\" id=\"address_mail\" placeholder=\"\"  value=\"\"  \/><\/span><\/p>\t\t\t\n\t\n\t<div class=\"form-row submit-revocation checkout-btn-wrap\">\n\t\t<input type=\"hidden\" id=\"_wpnonce\" name=\"_wpnonce\" value=\"f95d1c7a77\" \/><input type=\"hidden\" name=\"_wp_http_referer\" value=\"\/index.php?rest_route=%2Fwp%2Fv2%2Fpages%2F107\" \/>\t\t<button class=\"button alt\" name=\"woocommerce_gzd_revocation_submit\" id=\"submit_revocation\" value=\"Widerruf erkl\u00e4ren\" data-value=\"Widerruf erkl\u00e4ren\">Widerruf erkl\u00e4ren<\/button>\n\t<\/div>\n<\/form>\n<\/div>\n","protected":false},"excerpt":{"rendered":"<p>Widerrufsrecht f\u00fcr Verbraucher Widerrufsbelehrung \/ Widerrufsrecht Sie haben das Recht, binnen vierzehn Tagen ohne Angabe von Gr\u00fcnden diesen Vertrag zu widerrufen. Die Widerrufsfrist betr\u00e4gt vierzehn Tage ab dem Tag, an dem Sie oder ein von Ihnen benannter Dritter, der nicht der Bef\u00f6rderer ist, die letzte Ware in Besitz genommen haben bzw. hat. Um Ihr Widerrufsrecht &hellip;<\/p>\n","protected":false},"author":1,"featured_media":0,"parent":0,"menu_order":0,"comment_status":"closed","ping_status":"closed","template":"","meta":[],"_links":{"self":[{"href":"https:\/\/www.crowny.de\/index.php?rest_route=\/wp\/v2\/pages\/107"}],"collection":[{"href":"https:\/\/www.crowny.de\/index.php?rest_route=\/wp\/v2\/pages"}],"about":[{"href":"https:\/\/www.crowny.de\/index.php?rest_route=\/wp\/v2\/types\/page"}],"author":[{"embeddable":true,"href":"https:\/\/www.crowny.de\/index.php?rest_route=\/wp\/v2\/users\/1"}],"replies":[{"embeddable":true,"href":"https:\/\/www.crowny.de\/index.php?rest_route=%2Fwp%2Fv2%2Fcomments&post=107"}],"version-history":[{"count":7,"href":"https:\/\/www.crowny.de\/index.php?rest_route=\/wp\/v2\/pages\/107\/revisions"}],"predecessor-version":[{"id":1877,"href":"https:\/\/www.crowny.de\/index.php?rest_route=\/wp\/v2\/pages\/107\/revisions\/1877"}],"wp:attachment":[{"href":"https:\/\/www.crowny.de\/index.php?rest_route=%2Fwp%2Fv2%2Fmedia&parent=107"}],"curies":[{"name":"wp","href":"https:\/\/api.w.org\/{rel}","templated":true}]}}