{"id":1126,"date":"2020-06-16T09:39:22","date_gmt":"2020-06-16T07:39:22","guid":{"rendered":"https:\/\/www.crowny.de\/?product=burgtec-enduro-mk3-vorbau"},"modified":"2024-06-13T20:47:56","modified_gmt":"2024-06-13T18:47:56","slug":"burgtec-enduro-mk3-vorbau","status":"publish","type":"product","link":"https:\/\/www.crowny.de\/?product=burgtec-enduro-mk3-vorbau","title":{"rendered":"BURGTEC Enduro MK3 Vorbau"},"content":{"rendered":"<p>Endurieren geht immer mehr in Richtung Downhill. Der BURGTEC Enduro MK3 Vorbau ist alles was Du braucht um Dich mit der Genauigkeit eines WingSuit Piloten durch den Trail zu man\u00f6vrieren. Dieser Vorbau wurde durch Mitwirkung der besten Fahrer f\u00fcr die Momente entwickelt, in denen Du die Linie zentimetergenau treffen musst.<\/p>\n<p><span style=\"color: #ffff00;\">Spezifikation<\/span><\/p>\n<p>* passend f\u00fcr 1 1\/8&#8243; Gabelsch\u00e4fte<br \/>\n* L\u00e4nge: 35mm, 42.5mm, 50mm<br \/>\n* aus h\u00f6chst festem 6061 T6 Aluminium gefr\u00e4st<br \/>\n* 31.8mm Lenkerklemmung Burgtec Schwarz<br \/>\n* 35mm Lenkerklemmung in den Farben Burgtec Burgtec Schwarz, Race Red, Deep Blue, Purple Rain, Kash Bronze, Iron Bro Orange, Rhodium Silver, Burgtec Bullion Gold and Toxic Barbie Pink<br \/>\n* inkl. 6 hochwertiger Schrauben, einfach mit 4mm Inbusschl\u00fcssel zu benutzen<br \/>\n* sensationelles Gewicht: 35mm &#8211; 138g; 42.5mm &#8211; 152g; 50mm &#8211; 160g<br \/>\n* liebevolle Lasergrafik<\/p>\n","protected":false},"excerpt":{"rendered":"<p>Endurieren geht immer mehr in Richtung Downhill. Der BURGTEC Enduro MK3 Vorbau ist alles was Du braucht um Dich mit der Genauigkeit eines WingSuit Piloten durch den Trail zu man\u00f6vrieren. Dieser Vorbau wurde durch Mitwirkung der besten Fahrer f\u00fcr die Momente entwickelt, in denen Du die Linie zentimetergenau treffen musst. Spezifikation * passend f\u00fcr 1 &hellip;<\/p>\n","protected":false},"featured_media":1154,"comment_status":"open","ping_status":"closed","template":"","meta":[],"product_cat":[32],"product_tag":[109,108,110,78,62,340,341,311,111,106,113,114,283,284,112,107,313,285,310,312,323,92],"_links":{"self":[{"href":"https:\/\/www.crowny.de\/index.php?rest_route=\/wp\/v2\/product\/1126"}],"collection":[{"href":"https:\/\/www.crowny.de\/index.php?rest_route=\/wp\/v2\/product"}],"about":[{"href":"https:\/\/www.crowny.de\/index.php?rest_route=\/wp\/v2\/types\/product"}],"replies":[{"embeddable":true,"href":"https:\/\/www.crowny.de\/index.php?rest_route=%2Fwp%2Fv2%2Fcomments&post=1126"}],"wp:featuredmedia":[{"embeddable":true,"href":"https:\/\/www.crowny.de\/index.php?rest_route=\/wp\/v2\/media\/1154"}],"wp:attachment":[{"href":"https:\/\/www.crowny.de\/index.php?rest_route=%2Fwp%2Fv2%2Fmedia&parent=1126"}],"wp:term":[{"taxonomy":"product_cat","embeddable":true,"href":"https:\/\/www.crowny.de\/index.php?rest_route=%2Fwp%2Fv2%2Fproduct_cat&post=1126"},{"taxonomy":"product_tag","embeddable":true,"href":"https:\/\/www.crowny.de\/index.php?rest_route=%2Fwp%2Fv2%2Fproduct_tag&post=1126"}],"curies":[{"name":"wp","href":"https:\/\/api.w.org\/{rel}","templated":true}]}}