{"id":1246,"date":"2020-07-17T19:57:25","date_gmt":"2020-07-17T17:57:25","guid":{"rendered":"https:\/\/www.crowny.de\/?product=burgtec-ridewide-enduro-carbon-lenker"},"modified":"2025-07-15T14:11:28","modified_gmt":"2025-07-15T12:11:28","slug":"burgtec-ridewide-enduro-carbon-lenker","status":"publish","type":"product","link":"https:\/\/www.crowny.de\/?product=burgtec-ridewide-enduro-carbon-lenker","title":{"rendered":"BURGTEC RideWide Enduro Carbon Lenker"},"content":{"rendered":"<p><b>Unschlagbarer Komfort und \u00fcberlegene, au\u00dfer Frage stehende Eigenschaften an Vibrationsd\u00e4mpfung. Gebaut um ordentlich einzustecken.<br \/>\n<\/b><\/p>\n<p><span style=\"font-family: Verdana; font-size: small;\"><span style=\"color: #ffff00;\">Details<\/span><\/span><\/p>\n<ul>\n<li><b>UD Carbon<\/b><\/li>\n<li><b>800mm<\/b> breit<\/li>\n<li>9\u00b0 backsweep<\/li>\n<li>5\u00b0 upsweep<\/li>\n<li>erh\u00e4ltlich mit \u00d835mm Lenkerklemmung<\/li>\n<li>in <b>20mm oder 30mm<\/b> Rise<\/li>\n<li>Gewicht 258g (30mm Rise)<\/li>\n<\/ul>\n","protected":false},"excerpt":{"rendered":"<p>Unschlagbarer Komfort und \u00fcberlegene, au\u00dfer Frage stehende Eigenschaften an Vibrationsd\u00e4mpfung. Gebaut um ordentlich einzustecken. Details UD Carbon 800mm breit 9\u00b0 backsweep 5\u00b0 upsweep erh\u00e4ltlich mit \u00d835mm Lenkerklemmung in 20mm oder 30mm Rise Gewicht 258g (30mm Rise)<\/p>\n","protected":false},"featured_media":1254,"comment_status":"open","ping_status":"closed","template":"","meta":[],"product_cat":[324,89],"product_tag":[132,344,131,133,128,62,125,106,126,129,134],"_links":{"self":[{"href":"https:\/\/www.crowny.de\/index.php?rest_route=\/wp\/v2\/product\/1246"}],"collection":[{"href":"https:\/\/www.crowny.de\/index.php?rest_route=\/wp\/v2\/product"}],"about":[{"href":"https:\/\/www.crowny.de\/index.php?rest_route=\/wp\/v2\/types\/product"}],"replies":[{"embeddable":true,"href":"https:\/\/www.crowny.de\/index.php?rest_route=%2Fwp%2Fv2%2Fcomments&post=1246"}],"wp:featuredmedia":[{"embeddable":true,"href":"https:\/\/www.crowny.de\/index.php?rest_route=\/wp\/v2\/media\/1254"}],"wp:attachment":[{"href":"https:\/\/www.crowny.de\/index.php?rest_route=%2Fwp%2Fv2%2Fmedia&parent=1246"}],"wp:term":[{"taxonomy":"product_cat","embeddable":true,"href":"https:\/\/www.crowny.de\/index.php?rest_route=%2Fwp%2Fv2%2Fproduct_cat&post=1246"},{"taxonomy":"product_tag","embeddable":true,"href":"https:\/\/www.crowny.de\/index.php?rest_route=%2Fwp%2Fv2%2Fproduct_tag&post=1246"}],"curies":[{"name":"wp","href":"https:\/\/api.w.org\/{rel}","templated":true}]}}